s 123 divide 485643?
False
Does 5 divide 82869?
False
Is 2841247 a multiple of 156?
False
Does 52 divide 117468?
True
Does 554 divide 202192?
False
Is 422961 a multiple of 231?
True
Is 152 a factor of 3669584?
True
Does 248 divide 2597552?
True
Is 152 a factor of 55307?
False
Is 412225 a multiple of 38?
False
Does 12 divide 14592?
True
Is 144 a factor of 63360?
True
Is 13 a factor of 798551?
True
Is 67697 a multiple of 10?
False
Does 171 divide 552330?
True
Is 36167271 a multiple of 1116?
False
Does 39 divide 92703?
True
Is 10 a factor of 9396?
False
Does 166 divide 83332?
True
Does 23 divide 255996?
False
Does 6 divide 59274?
True
Does 282 divide 66270?
True
Is 14 a factor of 2968699?
False
Is 80784 a multiple of 68?
True
Is 70660 a multiple of 89?
False
Is 84 a factor of 1612173?
False
Does 10 divide 486585?
False
Is 4113824 a multiple of 52?
True
Is 736104 a multiple of 680?
False
Is 29551 a multiple of 20?
False
Is 218000 a multiple of 109?
True
Does 8 divide 77178?
False
Is 1373057 a multiple of 8?
False
Is 28 a factor of 313016?
False
Does 245 divide 744261?
False
Is 19 a factor of 121847?
True
Is 260300 a multiple of 11?
False
Is 64 a factor of 243362?
False
Is 14203098 a multiple of 158?
False
Is 223 a factor of 1303552?
False
Does 30 divide 99743?
False
Is 588 a factor of 263039?
False
Is 71548 a multiple of 62?
True
Is 313 a factor of 81380?
True
Is 94 a factor of 62867?
False
Is 13 a factor of 108199?
True
Does 43 divide 9160333?
True
Is 3 a factor of 13225?
False
Is 14367972 a multiple of 12?
True
Is 7686175 a multiple of 137?
False
Is 247 a factor of 453854?
False
Is 55 a factor of 2090?
True
Is 124345 a multiple of 210?
False
Is 173 a factor of 2648630?
True
Does 320 divide 442056?
False
Is 403 a factor of 728221?
True
Is 2884882 a multiple of 196?
False
Is 181 a factor of 2379969?
True
Does 14 divide 4961455?
False
Does 2 divide 98487?
False
Does 242 divide 1098196?
True
Is 3214992 a multiple of 6?
True
Does 59 divide 5525846?
False
Is 5 a factor of 187563?
False
Is 73 a factor of 6827398?
True
Is 168417 a multiple of 2?
False
Does 57 divide 8163711?
True
Does 9 divide 183006?
True
Is 22 a factor of 6147957?
False
Does 6 divide 51192?
True
Is 92701 a multiple of 15?
False
Is 272030 a multiple of 18?
False
Is 56 a factor of 5433680?
True
Does 77 divide 1121736?
True
Is 217350 a multiple of 1037?
False
Is 35 a factor of 467509?
False
Does 9 divide 1732427?
False
Is 133 a factor of 26334?
True
Does 337 divide 756902?
True
Is 709546 a multiple of 41?
True
Does 83 divide 659843?
False
Does 8 divide 5660472?
True
Is 67 a factor of 237783?
True
Is 136 a factor of 1618128?
True
Is 126 a factor of 62789?
False
Is 728193 a multiple of 6?
False
Is 28 a factor of 2006024?
False
Is 1638 a factor of 6422598?
True
Is 119834 a multiple of 26?
True
Is 921 a factor of 374847?
True
Is 5916120 a multiple of 228?
False
Is 489 a factor of 6667515?
True
Does 21 divide 588991?
False
Does 115 divide 328670?
True
Is 118 a factor of 766174?
True
Is 451 a factor of 21865746?
False
Is 3067846 a multiple of 133?
False
Is 59 a factor of 761159?
True
Does 32 divide 311900?
False
Does 10 divide 28340?
True
Does 243 divide 17521329?
False
Is 4378604 a multiple of 299?
False
Is 19891528 a multiple of 359?
False
Is 251661 a multiple of 3?
True
Does 13 divide 3952272?
False
Does 4 divide 25368?
True
Is 5 a factor of 26165?
True
Is 2 a factor of 629392?
True
Is 35 a factor of 95865?
True
Does 54 divide 574935?
False
Is 19856156 a multiple of 27?
False
Does 2 divide 3068?
True
Does 23 divide 71714?
True
Is 2918324 a multiple of 38?
True
Is 439382 a multiple of 17?
True
Is 1215023 a multiple of 8?
False
Is 643 a factor of 655217?
True
Is 352712 a multiple of 7?
False
Is 706 a factor of 1594148?
True
Is 406254 a multiple of 3?
True
Does 3 divide 274321?
False
Is 29 a factor of 680500?
False
Is 7561364 a multiple of 662?
True
Is 779 a factor of 2963316?
True
Is 9 a factor of 1026918?
True
Is 13932701 a multiple of 531?
False
Is 771 a factor of 3196438?
False
Does 20 divide 1310838?
False
Is 245865 a multiple of 555?
True
Is 204270 a multiple of 5?
True
Is 214157 a multiple of 128?
False
Is 49 a factor of 832651?
False
Is 4166666 a multiple of 87?
False
Is 46 a factor of 14985926?
True
Is 171421 a multiple of 117?
False
Is 6 a factor of 228876?
True
Is 46 a factor of 1194130?
False
Is 47133 a multiple of 8?
False
Is 71 a factor of 141645?
True
Does 280 divide 4392624?
False
Does 10 divide 2663707?
False
Is 41 a factor of 76998?
True
Does 167 divide 85838?
True
Does 45 divide 53958?
False
Does 508 divide 733258?
False
Is 7427011 a multiple of 24?
False
Is 89220 a multiple of 45?
False
Does 8 divide 221290?
False
Is 264 a factor of 1399399?
False
Is 14 a factor of 480917?
False
Is 327556 a multiple of 2?
True
Does 5 divide 57500?
True
Does 5 divide 256665?
True
Is 31072 a multiple of 580?
False
Is 1534797 a multiple of 419?
True
Is 12 a factor of 10446599?
False
Is 440852 a multiple of 140?
False
Is 26032 a multiple of 2?
True
Does 27 divide 544293?
True
Is 4162662 a multiple of 9?
True
Is 15064 a multiple of 14?
True
Does 6 divide 9274?
False
Does 142 divide 335262?
True
Does 642 divide 232957?
False
Is 1397 a factor of 9506822?
False
Is 10645272 a multiple of 257?
False
Is 5876456 a multiple of 708?
False
Is 14395995 a multiple of 795?
False
Is 102 a factor of 295392?
True
Does 100 divide 1544100?
True
Is 172 a factor of 107672?
True
Is 43 a factor of 207064?
False
Is 33 a factor of 63360?
True
Is 12442668 a multiple of 9?
False
Is 192700 a multiple of 164?
True
Is 318 a factor of 963858?
True
Does 343 divide 1263269?
True
Is 897362 a multiple of 150?
False
Is 75 a factor of 37293?
False
Is 192650 a multiple of 9?
False
Is 149370 a multiple of 390?
True
Is 8 a factor of 2919552?
True
Is 36 a factor of 355104?
True
Is 619 a factor of 518762?
False
Is 238 a factor of 39270?
True
Does 144 divide 38745072?
True
Is 338 a factor of 83818?
False
Does 69 divide 80670?
False
Is 42 a factor of 279575?
False
Is 43305766 a multiple of 12?
False
Is 125 a factor of 5846750?
True
Is 5560895 a multiple of 10?
False
Is 34 a factor of 216209?
False
Does 8 divide 207354?
False
Is 69 a factor of 15639816?
True
Is 1006 a multiple of 24?
False
Is 2058598 a multiple of 11?
False
Does 33 divide 10131?
True
Is 716261 a multiple of 463?
True
Does 13 divide 149240?
True
Is 12 a factor of 1848?
True
Is 1077924 a multiple of 258?
True
Is 105 a factor of 232611?
False
Is 1324341 a multiple of 414?
False
Does 50 divide 440400?
True
Is 9 a factor of 19528?
False
Does 202 divide 2672460?
True
Is 390573 a multiple of 9?
True
Does 1099 divide 1796865?
True
Is 95745 a multiple of 3?
True
Does 2 divide 100968?
True
Does 475 divide 3608575?
True
Does 11 divide 152130?
True
Is 5246200 a multiple of 680?
True
Is 625401 a multiple of 23?
False
Is 6526299 a multiple of 180?
False
Is 65 a factor of 513110?
True
Does 640 divide 7315025?
False
Is 1094139 a multiple of 512?
False
Does 75 divide 117225?
True
Does 31 divide 476873?
True
Is 368 a factor of 740784?
True
Is 182361 a multiple of 331?
False
Does 60 divide 11525880?
True
Does 25 divide 378675?
True
Is 54 a factor of 23868?
True
Is 8 a factor of 10076064?
True
Is 25 a factor of 168900?
True
Is 12 a factor of 32688?
True
Is 5199693 a multiple of 148?
False
Is 3533 a multiple of 10?
False
Is 328 a factor of 864457?
False
Is 6379721 a multiple of 17?
False
Does 194 divide 310594?
True
Is 617 a factor of 6179621?
False
Is 304967 a multiple of 5?
False
Is 1109755 a multiple of 23?
False
Is 8 a factor of 224784?
True
Is 46 a factor of 739688?
False
Is 339318 a multiple of 42?
True
Is 110 a factor of 634480?
True
Is 11992238 a multiple of 1129?
True
Does 181 divide 296572?
False
Does 435 divide 13405?
False
Is 70 a factor of 94767?
False
Is 727 a factor of 814118?
False
Is 7 a factor of 5777016?
True
Does 58 divide 5777071?
False
Does 141 divide 16074?
True
Is 30 a factor of 85144?
False
Does 72 divide 982728?
True
Is 979641 a multiple of 14?
False
Is 12 a factor of 10417?
False
Does 47 divide 25380?
True
Does 64 divide 854186?
False
Is 175 a factor of 11065103?
False
Is 713922 a multiple of 113?
False
Does 276 divide 28152?
True
Is 91 a factor of 293748?
True